 is the greatest common factor of u and 445?
5
Suppose 0 = -2*w - 2*g + 34 + 4, -5*w - g + 87 = 0. Calculate the greatest common divisor of w and 425.
17
Let s be (-2)/((-3 + 7)/(-60)). Calculate the greatest common factor of 66 and s.
6
Let y = 30 + -88. Let k = 78 + y. What is the greatest common divisor of k and 220?
20
Suppose 0 = 4*j + j - 3*f - 40, -1 = -j + 2*f. Suppose -5*i = 1 - j. Calculate the highest common divisor of i and 6.
2
Let t(u) = -4*u - 4. Let s be -1 - 7/((-14)/32). Suppose -6*b + 4*j = -2*b + 64, -3*j = -s. Let z be t(b). What is the greatest common divisor of z and 100?
20
Suppose 6*s + 3*s = 72. Suppose -s = g - 38. What is the greatest common divisor of 6 and g?
6
Let m be (3/2)/(2/4). Let f = -794 + 791. Let h be (-8)/m*-9 + f. What is the highest common factor of h and 14?
7
Let v = 28 + -26. Suppose 0 = -3*g - 0*g - 5*n + 16, 0 = -4*g - 3*n + 14. Calculate the greatest common factor of g and v.
2
Suppose 3*k - 30 = -3*m, -34*m = k - 30*m - 13. What is the greatest common factor of 3 and k?
3
Let k(h) = -h**3 - h**2 + 5. Let c be k(0). Let f = 32 + -15. Suppose 163 = c*a - f. What is the greatest common divisor of a and 4?
4
Suppose -38*g - 231 = -39*g. Suppose -4*c = 0, 5*c - 3 - 18 = -s. Calculate the highest common divisor of g and s.
21
Suppose -4*w + 714 = 30*w. Calculate the greatest common factor of 7 and w.
7
Suppose -3*g + 15*l = 13*l - 48, 3*l - 27 = -g. Let f = 6 - 4. Calculate the highest common factor of g and f.
2
Let z be 317 + (1 + 14)/5. Suppose -12*s + z = -7*s. Calculate the highest common divisor of s and 32.
32
Suppose 4*l - 88 = -2*k, 4*l = -4*k - l + 182. Suppose -n + 3*n = k. Let v = 27 - -9. What is the highest common factor of n and v?
12
Let w(c) = -3*c + 3. Let j be w(0). Suppose -5*y + 35 = j*k + k, -3*k = 5*y - 25. Calculate the highest common factor of k and 50.
10
Suppose -2541 = 9*b - 3027. What is the greatest common factor of 24 and b?
6
Let a(d) = 3*d - 33. Suppose -45 = -3*m - 3*i, 5*i + 0*i = -m + 19. Let j be a(m). What is the greatest common factor of 36 and j?
9
Suppose -5*o + p - 50 + 152 = 0, -3*o + 66 = p. Let b = 22 - 27. Let q be 1158/5 + 3/b. Calculate the greatest common factor of q and o.
21
Let y = 383 - 350. Suppose 15 = 5*m - 0*m. Suppose 0 = -m*j - i + y, 2*j - 10 = 4*i - 2. What is the greatest common factor of j and 10?
10
Let w be 8 + -1 + (2 - 3). Let x be (-99)/(-21) - w/(-21). Suppose 0 = -3*i - x*l - 1 - 4, -i - 2*l = 3. Calculate the highest common factor of 45 and i.
5
Let a be ((-15)/(-6))/(1/2). Suppose -4*x + a*r - 96 = 0, r - 37 + 157 = -4*x. Let g be 1*(0 - -1 - x). Calculate the greatest common factor of g and 45.
15
Let t be (27/18*16)/3. What is the greatest common factor of 220 and t?
4
Let z(p) be the third derivative of -13/24*p**4 - 1/3*p**3 + 1/30*p**5 + 8*p**2 + 0 + 0*p. Let k be z(7). What is the highest common factor of k and 10?
5
Let r be (1 + -1)*(-5)/(-15). Suppose 2*c + z - 51 = -2*c, r = -4*c + 5*z + 81. Calculate the highest common factor of c and 2.
2
Let u(r) = 185*r - 140. Let y be u(10). What is the highest common divisor of y and 90?
90
Let f = -16 - -22. Suppose -78 - 186 = -f*g. Calculate the greatest common divisor of g and 22.
22
Let n be (40/(-15) + 6)*(-6885)/(-30). Calculate the greatest common factor of 270 and n.
45
Let o be -2*(3 - 2)*-6. Let h = -3 - -7. Suppose h*a = -2*f, -2*f - f + 2*a = -32. What is the greatest common divisor of o and f?
4
Let y = -140 - -197. Calculate the greatest common divisor of y and 285.
57
Let u be (2 - (-68)/6)/(52/234). What is the greatest common factor of u and 260?
20
Suppose 9*n - 34 = 182. Let a = 284 - 20. Calculate the highest common divisor of n and a.
24
Suppose 3*z - 4*c + 140 = 0, -5*c - 110 = 3*z - 3*c. Let a = -33 - z. Suppose 4*s + 5 = 229. Calculate the highest common divisor of a and s.
7
Let r = 307 - 196. Let u = r + -91. What is the greatest common factor of 60 and u?
20
Let a(o) = -3*o**2 + 21*o + 43. Let r(j) = -j**2 + j + 1. Let f(p) = a(p) - 2*r(p). Let b be f(20). Calculate the greatest common divisor of b and 21.
21
Suppose -2*a - 4*k + 32 = 0, 6*a - 12 = 2*a + 5*k. Let c be 4/1 - (7 - a). What is the highest common divisor of c and 35?
5
Let y(h) = -h**2 + 25*h - 66. Let a be y(21). What is the greatest common divisor of a and 432?
18
Suppose 19*k - 1890 = 12*k. Suppose j = 4*m - 457, -4*m = 3*j - 199 - k. What is the greatest common divisor of m and 23?
23
Let m = 768 - 474. What is the highest common divisor of m and 714?
42
Let q(z) = 12*z + 1. Let h be q(2). Let b(w) = 25*w**2. Suppose 0 = 4*j + 1 - 9. Let c be b(j). Calculate the highest common divisor of c and h.
25
Let r be 3 + -2*(-6)/(-4). Suppose r*i + 5*i - 140 = 0. Suppose -5*p + i = -222. What is the greatest common factor of p and 20?
10
Let i = 1 + 8. Let f be (21/15 - 2/5)*155. Suppose k - 29 - 32 = -5*g, -5*k + 5*g + f = 0. What is the greatest common divisor of i and k?
9
Suppose -4817 = -2*a - n + 2*n, 2*n = 5*a - 12041. Suppose 207 = -4*c + a. Calculate the greatest common divisor of c and 50.
50
Let u(t) = 0 - 3 + 2 - 73*t. Let x be u(-1). What is the highest common divisor of 48 and x?
24
Let o = 12 + -6. Let r be o - 9/((-36)/16). Calculate the greatest common divisor of 25 and r.
5
Suppose 1409 = -17*u + 3177. Calculate the greatest common factor of u and 8.
8
Suppose -4*o + 3975 = -3*p, 0 = -o + 16*p - 11*p + 1015. What is the greatest common divisor of 90 and o?
90
Suppose -2*q + 8 = 0, d - q + 0*q - 13 = 0. What is the greatest common factor of 323 and d?
17
Let p = -62 - -39. Let o = -9 - p. Let t(f) = f**3 - 13*f**2 - 15*f + 15. Let u be t(o). Calculate the greatest common factor of u and 7.
1
Let f(o) = 10 + 23 + 3*o - 5*o + 4*o. Let v be f(-13). Suppose 0*a + 21 = 3*a. What is the highest common divisor of v and a?
7
Let f(n) = n**2 - 8*n + 4. Let v be 13 - 2*3/(-6). Let h = v + -5. Let b be f(h). What is the greatest common divisor of 26 and b?
13
Let r = 24 + -20. Suppose 0 = j - r - 14. Calculate the greatest common factor of 6 and j.
6
Suppose -216 = 11*d - 38*d. Let b be 2/4 + (-137)/(-2). Let c = b - 5. What is the highest common divisor of d and c?
8
Suppose -543 = -10*w + 1907. What is the highest common divisor of 147 and w?
49
Let s = 173 + -153. Suppose 0*y - 4*f - 18 = y, 4*y = -3*f - 59. Let m = s + y. What is the highest common divisor of m and 48?
6
Let h = 70 - 63. Let x(d) = 8*d - 36. Let w be x(h). Calculate the highest common divisor of w and 12.
4
Suppose -3*d = -2*d. Suppose d = -4*c - c + 720. Let h be (c/14)/(4/28). Calculate the highest common divisor of h and 9.
9
Let n be ((-1134)/105)/(1/5). Let o = n - -111. What is the greatest common factor of o and 3?
3
Suppose 22*f = -88*f + 1540. Let d be (3/((-6)/140))/(-1). Calculate the greatest common factor of d and f.
14
Let c(h) = -16*h - 112. Let q be c(-26). What is the highest common divisor of q and 16?
16
Suppose -k + 6*k = -2*u + 65, -3*k = -u - 50. Let g(z) = 10*z**3 - 4*z**2 - 7*z + 10. Let w be g(2). What is the greatest common divisor of k and w?
15
Suppose 0 = 13*p - 0*p + 1612. Let h = 202 + p. Calculate the greatest common divisor of 6 and h.
6
Let g = 291 + -181. Suppose 746 - 1046 = -30*f. What is the highest common factor of g and f?
10
Suppose 2*o - 18 = c - 1, -3*c = -o + 21. Calculate the highest common divisor of 384 and o.
6
Suppose 3*z - 15 = 0, -16*t + 3*z = -13*t - 207. Calculate the greatest common divisor of 148 and t.
74
Let v(o) = -2*o**2 - 2*o + 18. Suppose -12 = 3*w + 3*f, -f = 2*w - 0*w + 4. Let p be v(w). Calculate the highest common factor of p and 144.
18
Let g = 1925 + -1125. Calculate the greatest common divisor of g and 64.
32
Suppose -2*a = -a - 2. Suppose 9 + 11 = 10*x. Calculate the highest common factor of a and x.
2
Let h be -1412*(-3)/66 - (-70)/(-385). Calculate the greatest common divisor of h and 3.
1
Suppose -25 = -4*z + 3*a, -2*a + 60 = -3*z + 8*z. What is the greatest common factor of z and 285?
5
Suppose 4*c + 0*c = 20. Suppose -6 = -b + l + 24, 4*l = 2*b - 60. Let y be ((-75)/b)/((-1)/18). Calculate the highest common factor of y and c.
5
Let o(n) = 11*n + 29. Let g be o(6). Suppose 0 = -2*a + g + 255. Calculate the greatest common factor of 25 and a.